rst derivative of -i**3/3 - 5*i**2/2 - 8*i - 1. Let p(r) = 1. Let m(k) = l*w(k) - 4*p(k). What is m(-4)?
0
Let w(n) = 7 + 6 + 13*n - 12. Calculate w(-1).
-12
Suppose 6*q + 15 = 3*q. Let s(y) = y**2 + 4*y. Let v be s(q). Let j(x) = 2*x - 4. Determine j(v).
6
Let f be ((-1)/(-2))/((-2)/4). Let d(b) = 4*b**2 - 2*b - 1. Let j be d(f). Let g(z) = -3 + j - z - 1. Determine g(-4).
5
Let o(f) be the second derivative of -f**4/4 - f**3/6 - f**2/2 + 2*f + 5. Calculate o(-1).
-3
Suppose -7*h - 45 = -4*h. Let s = -10 - h. Let q(m) = -4 + 2 + 0*m + s*m + m - m**2. What is q(5)?
3
Let l(w) = -25*w**2 - 8 + 9*w - w**3 + 21*w**2 + 9*w**2. Give l(6).
10
Let n(y) = -2*y + 5. Let a be n(4). Let f be 1/(2/(-12)*a). Let p(i) be the first derivative of i**3/3 - 3*i**2/2 + 2*i + 1. Calculate p(f).
0
Let l be (0/((-12)/(-4)))/1. Let d(i) be the second derivative of -1/6*i**3 + 1/12*i**4 + l - i + 9/20*i**5 - 1/2*i**2. Give d(-1).
-8
Let b(x) = 3*x**3 + 2*x + 9*x**3 + 2 - 11*x**3 - 1 - 4*x**2. Let m = -4 - -6. Calculate b(m).
-3
Let s(j) = j**2 + 3*j + 3. Let f be s(-2). Let r be -2*1/(-1)*f. Let b(z) be the second derivative of z**3/2 - z**2/2 + 2*z. Give b(r).
5
Let c = -3 - -5. Let s(f) = 3*f**2 - 4*f**2 - 4 - c*f - 2 + 2*f**2. Give s(5).
9
Let c(x) = x + 1. Let g(f) = -8*f**2 - f. Let s be g(1). Let y = s + 15. Let q(n) = n**2 - 4*n - 8. Let v be q(y). What is c(v)?
5
Let z(g) = -5*g - 3 + 11 - 2*g. Let a(y) = y - y + 7 - 6*y. Let i(t) = -5*a(t) + 4*z(t). Determine i(2).
1
Let l = 0 - -3. Let o = l - 3. Let r(z) = -z**3 - z + 12. Give r(o).
12
Let f(n) = 2*n**2 + 4*n + 2. Let k be f(-3). Suppose -5*m + d + 4 = -6, 4*m - k = 2*d. Suppose -s - 1 = -m*s. Let h(y) = y**3 - 2*y + 1. Calculate h(s).
0
Let y(g) = -3*g**3 - g**2 - g. Let z be 1 + 4 + -4 - 2. Give y(z).
3
Let l(d) = -d + 3. Suppose -31*p - 28 = -27*p. Calculate l(p).
10
Let b(w) = 3*w + 4. Let j = 3 - -1. Suppose j*l + 4 = -12. Give b(l).
-8
Let c(g) be the second derivative of -g**8/6720 + g**7/1260 + g**6/360 - g**5/60 - 5*g**4/12 - 3*g. Let z(n) be the third derivative of c(n). Calculate z(2).
2
Let f = 11 + -9. Let s(b) = 3 + 1 + 0 - f*b - 2. What is s(-3)?
8
Let z(f) = -2 - 2*f + 0*f + f. Calculate z(5).
-7
Let h be 0/(1 - (0 + 3)). Let x(y) = h + y**3 + 2 + y + 6*y**2 - 9*y**2. Calculate x(2).
0
Let w(g) = -5*g**2 - 3*g - 2. Let k(j) = -j**2. Let z(n) = -6*k(n) + w(n). Suppose -3*h + 1 = 16. Let b be 6/h*(-5)/2. What is z(b)?
-2
Let h(x) = -x + 4. Let c = -3 + -8. Let r = c + 19. Let n = -4 + r. Determine h(n).
0
Let t(k) = 3*k**3 - 5*k**2 + 4. Let b(c) = -4*c**3 + 6*c**2 - 5. Let f be (-2)/((-8)/10)*2. Suppose 3*u + 10 + f = 0. Let m(l) = u*t(l) - 4*b(l). Give m(0).
0
Let t(u) = -u**3 + 6*u**2 - 5*u - 13. Let x be t(4). Let q(k) be the second derivative of -4*k**3/3 + k**2/2 + k. Give q(x).
9
Let n(i) = i**3 + 6*i**2 + 3*i + 5. Let r = 7 - 12. Give n(r).
15
Let i be (-3)/2*(-4)/3. Suppose 1 = a + 5*t - 18, -i*a = -3*t + 1. Let u(h) = -2 - 2*h**2 - h - 1 + 3*h**2. Give u(a).
9
Let m(t) = t**3 - 7*t**2 + 6*t - 6. Let h be (-112)/(-18) + ((-32)/36)/4. What is m(h)?
-6
Let p(c) = c**3 + 5*c**2 + 6*c + 6. Suppose 6 + 14 = -4*x + 2*a, -x = -2*a + 2. Let h = x - -6. Suppose h*m = -2*m - 8. What is p(m)?
-2
Let p(h) = h. Let c(b) = -5*b. Suppose -2*v = -v + 4. Let n(k) = v*c(k) - 18*p(k). Calculate n(3).
6
Let n = -1/9 + 4/9. Let m(a) be the third derivative of -a**2 + 1/4*a**4 + 0*a - 1/10*a**5 + 0 + n*a**3 + 1/120*a**6. Calculate m(5).
7
Let k(c) = -2*c + 2. Suppose 15*g - 8 = 11*g. What is k(g)?
-2
Let n(o) = -41 + 14*o - 35 + 75 + o. What is n(-1)?
-16
Suppose 0 = 2*d + 2*d. Let a(o) = 4 + 2 - 6*o + 7*o. What is a(d)?
6
Let r(h) be the third derivative of h**7/2520 + h**6/120 - h**5/30 - h**4/8 - 4*h**2. Let x(v) be the second derivative of r(v). What is x(-6)?
-4
Suppose -8 = -0*y - 2*y. Let v(d) = 2*d**2 - 5*d - 3. Calculate v(y).
9
Suppose 7 = 2*c - 3. Suppose -6 = -c*w + 9. Let t(s) = -4*s**3 + 0*s**2 + w*s**3 + 2*s**3 - s**2. What is t(1)?
0
Suppose 0*z + 4*z = 4. Let r = 2 - z. Let f(s) = 2*s. Determine f(r).
2
Let n(o) be the first derivative of o**4/4 + o**3/3 - o**2 - 5. Give n(2).
8
Let o(i) = 6*i - i**3 + i + 0*i**3 + 6*i**2 + 3 - 3*i. Give o(6).
27
Let y be (-14)/(-70) + 2/(-10). Let t = -1 + 2. Let w(j) = 1 - j + t + 5. What is w(y)?
7
Let x(d) = -d**3 + d**2 - d + 3. Let o(r) = -r + 5. Let l be o(3). Suppose -l*u + 3 = -p, -4*u = 5*p - 8 - 19. Let m be 2/(-3) - (-2)/p. Determine x(m).
3
Let l(w) = -w**2 - w + 2. Let t(c) = c**2 + 13*c + 4. Let a be t(-13). What is l(a)?
-18
Suppose -2*p - 8*p = -50. Let v(w) = w**2 - 3*w + 6. What is v(p)?
16
Let w(b) = 5*b**3 - 5*b**2 + b - 4. Let a(x) = 14*x**3 - 15*x**2 + 4*x - 12. Let t(r) = 4*a(r) - 11*w(r). Determine t(4).
0
Suppose -2*d - 6 = d, 2*d = -2*f - 2. Let o(h) = 3*h + f - 10 - 3*h - h. Give o(-4).
-5
Let x(v) be the second derivative of -v**4/12 - v**3 + 4*v**2 - v. Let s be x(-7). Let l(w) be the first derivative of 3*w**4/2 - w**3/3 + 2. Determine l(s).
5
Let y(w) = 29*w**2 - 5*w. Let a(l) = -7*l**2 + l. Let k = 44 + -18. Let n = -17 + k. Let f(b) = n*a(b) + 2*y(b). What is f(1)?
-6
Let b(a) = 25*a - 131. Let c be b(5). Let r(i) be the second derivative of -i**3/6 - i. What is r(c)?
6
Suppose 0 = -2*u + 1 + 11. Let p(i) be the second derivative of 0 - 1/20*i**5 + 1/6*i**3 + i**2 + 2*i + 1/2*i**4. Calculate p(u).
8
Let c(s) be the second derivative of s**3/6 + 11*s**2/2 - 31*s + 2. What is c(-5)?
6
Let f be 52/14 - 2/(-7). Let k(r) = r**3 - 4*r**2 - r + 5. Determine k(f).
1
Let z(p) = -p**3 - p - 2. Suppose -2*q = 3*b + 3 - 12, -4*q = -4*b - 8. Let u be (5/q)/(-5)*6. Give z(u).
8
Let q(m) be the third derivative of 0*m + 1/12*m**4 + 0 + 4*m**2 - 1/3*m**3. Calculate q(-2).
-6
Let c(n) = 6*n - 20. Let a(u) = u - 4. Let l = -5 - -3. Let h(g) = -g**2 - 8*g + 4. Let d be h(-7). Let t(k) = d*a(k) + l*c(k). Give t(0).
-4
Let g(a) = -a**2 + 4*a - 3. Suppose 5*o - 12 + 2 = 0. Suppose -4*q - o = -5*q. Calculate g(q).
1
Let q = -5 - -6. Let m(f) = -3*f. Determine m(q).
-3
Let q(y) be the second derivative of -y**5/20 + y**4/3 + 7*y**3/6 - y**2 + 4*y. Let t(n) = -2*n - 3. Let u be t(-4). What is q(u)?
8
Let s(b) = 6*b + 5. Let o be (((-126)/(-35))/9)/(2/(-20)). Calculate s(o).
-19
Let n(i) = 16*i**3 - 51*i**2 + 51*i**2 - 1. Give n(1).
15
Let s = 25 - 15. Let c be 32/18 + s/45. Suppose -x = c*x. Let p(y) = y + 6. Give p(x).
6
Let d(t) = 2*t - 8. Let z = -19 - -27. Determine d(z).
8
Let t = -5 + 7. Let o(z) = -4*z + 3*z - 4 + t. Let c(k) = k**2 + 5*k + 4. Let b be c(-3). Determine o(b).
0
Let n(s) = -s - 2. Suppose -m + 3*p - 7*p = 11, 2*p + 3 = -m. Suppose -a = -m*a - 20. What is n(a)?
3
Let m(x) be the first derivative of -x**3/3 - 6*x**2 - 7*x + 10. What is m(-11)?
4
Suppose 3*f + 2*f - 15 = 0. Let x(t) = 0*t**f - 4 - 8*t + 1 - 5*t**2 - t**3 + 2*t. Determine x(-4).
5
Suppose -5*v - 14 = -4. Let n(g) be the third derivative of 0*g + 1/60*g**5 + 1/6*g**3 + 0*g**4 + 0 - 4*g**2. Calculate n(v).
5
Suppose -2*i - 27 = -2*f + 7*f, -3*f = -i + 14. Let c(w) be the first derivative of 7*w**4/4 + w + 1. Calculate c(i).
-6
Let b(k) = k + 2*k**3 - 3*k**3 - 3*k. Suppose -5*h + 14 = -x, -h + x + 3*x = -18. What is b(h)?
-12
Let w(l) = 6*l**3 - l**2 - 12*l - 1. Let a(i) = 6*i**3 - 11*i. Let o(u) = 4*a(u) - 3*w(u). Let s(r) = r**3 - r. Let d(m) = -o(m) + 5*s(m). Give d(-4).
1
Let g(l) be the second derivative of l**4/12 + l**3/3 - 3*l**2 + 11*l. Determine g(-5).
9
Let w(h) = 7*h. Let p be w(1). Suppose 2 - p = z. Let o(s) = -s**3 - 6*s**2 - 6*s. What is o(z)?
5
Let r(p) = -2*p**2 + 3*p**3 - 3*p - 1 + 5*p - p**3. Let d = -2 - -3. Let o = d - 0. Give r(o).
1
Let v = -1 - -1. Let h(w) be the first derivative of w**3/3 - w + 13. Determine h(v).
-1
Let v = 1 - 2. Let o be 12/7 + 14/49. Let w(j) = -2 + o - 5*j. Give w(v).
5
Let a(o) = o**2 - 5*o + 7. Let k(f) = -5*f**2 + 24*f - 34. Let q(l) = -11*a(l) - 2*k(l). Suppose -15*j + 63 = -6*j. Give q(j).
-9
Let i(o) = 8 - o**3 + o + 3*o**2 + 2 - 7. Calculate i(4).
-9
Let l(m) = 7*m**3 - 1. Let i be l(1). Let p(r) be the second derivative of -r**3 - r**2/2 - 6*r. Let o(c) = -5*c - 1. Let b(q) = i*p(q) - 7*o(q). What is b(4)?
-3
Let x(f) = 4*f - 6. Let z(g) = -g + 1. Let j(d) = -x(d) - 6*z(d). Calculate j(2).
4
Let u(p) = p*